factors of 2910903?
3, 23, 42187
What are the prime factors of 321250?
2, 5, 257
List the prime factors of 302728.
2, 79, 479
List the prime factors of 1429925.
5, 7, 8171
List the prime factors of 3000182.
2, 37, 40543
List the prime factors of 7182126.
2, 3, 7, 17, 479
List the prime factors of 10427167.
53, 196739
What are the prime factors of 1438347?
3, 263, 1823
What are the prime factors of 82019?
7, 11717
List the prime factors of 1500890.
2, 5, 150089
List the prime factors of 81770.
2, 5, 13, 17, 37
What are the prime factors of 4285775?
5, 13, 13187
List the prime factors of 982466.
2, 61, 8053
What are the prime factors of 665780?
2, 5, 33289
List the prime factors of 8398438.
2, 83, 50593
List the prime factors of 940856.
2, 7, 53, 317
What are the prime factors of 472420?
2, 5, 13, 23, 79
List the prime factors of 1551483.
3, 19, 43, 211
What are the prime factors of 234609?
3, 78203
What are the prime factors of 4176386?
2, 23, 163, 557
List the prime factors of 20102941.
191, 105251
List the prime factors of 113134.
2, 7, 8081
List the prime factors of 19504.
2, 23, 53
What are the prime factors of 41118588?
2, 3, 7, 163169
List the prime factors of 232808.
2, 29101
List the prime factors of 1893909.
3, 193, 3271
What are the prime factors of 1157202?
2, 3, 53, 1213
What are the prime factors of 26059268?
2, 6514817
List the prime factors of 37053.
3, 23, 179
What are the prime factors of 18577722?
2, 3, 3096287
What are the prime factors of 357938?
2, 7, 37, 691
What are the prime factors of 11930?
2, 5, 1193
List the prime factors of 313413.
3, 104471
List the prime factors of 11425775.
5, 269, 1699
List the prime factors of 11856737.
29, 47, 8699
What are the prime factors of 7246687?
7, 1035241
What are the prime factors of 350520?
2, 3, 5, 23, 127
What are the prime factors of 58851?
3, 13, 503
What are the prime factors of 2900226?
2, 3, 7, 199, 347
What are the prime factors of 32932?
2, 8233
List the prime factors of 560615.
5, 11, 10193
What are the prime factors of 2041526?
2, 23, 44381
What are the prime factors of 260671?
260671
List the prime factors of 404431.
404431
What are the prime factors of 8284533?
3, 31, 229, 389
List the prime factors of 2085290.
2, 5, 208529
What are the prime factors of 62968?
2, 17, 463
List the prime factors of 2192679.
3, 243631
What are the prime factors of 2755727?
13, 211979
List the prime factors of 917143.
827, 1109
List the prime factors of 221453.
221453
What are the prime factors of 136538?
2, 233, 293
What are the prime factors of 180206?
2, 13, 29, 239
What are the prime factors of 185555?
5, 17, 37, 59
What are the prime factors of 7279226?
2, 1051, 3463
List the prime factors of 3009103.
3009103
List the prime factors of 10343870.
2, 5, 1034387
What are the prime factors of 2223387?
3, 23, 467
What are the prime factors of 13269444?
2, 3, 1105787
List the prime factors of 971360.
2, 5, 13, 467
List the prime factors of 27119428.
2, 7, 641, 1511
List the prime factors of 1533511.
7, 73, 3001
List the prime factors of 77364.
2, 3, 7, 307
What are the prime factors of 372448?
2, 103, 113
What are the prime factors of 7135564?
2, 19, 93889
What are the prime factors of 1888130?
2, 5, 43, 4391
What are the prime factors of 285362?
2, 7, 11, 17, 109
What are the prime factors of 1000?
2, 5
What are the prime factors of 8685484?
2, 43, 50497
List the prime factors of 1779975.
3, 5, 293
What are the prime factors of 224399?
7, 32057
List the prime factors of 420596.
2, 11, 79
List the prime factors of 23337655.
5, 11, 211, 2011
What are the prime factors of 2275733?
2275733
What are the prime factors of 134818?
2, 67409
List the prime factors of 872827.
23, 137, 277
What are the prime factors of 909820?
2, 5, 45491
List the prime factors of 350872.
2, 61, 719
What are the prime factors of 3322668?
2, 3, 73, 3793
List the prime factors of 10919492.
2, 1201, 2273
What are the prime factors of 310912?
2, 7, 347
What are the prime factors of 102790?
2, 5, 19, 541
What are the prime factors of 1148463?
3, 127607
What are the prime factors of 42831?
3, 4759
List the prime factors of 1014339.
3, 17, 19889
List the prime factors of 199856.
2, 12491
List the prime factors of 3652704.
2, 3, 11, 1153
List the prime factors of 493628.
2, 123407
List the prime factors of 215431.
211, 1021
What are the prime factors of 238727?
238727
What are the prime factors of 579284?
2, 97, 1493
List the prime factors of 100125.
3, 5, 89
List the prime factors of 4499298.
2, 3, 181, 1381
List the prime factors of 29278.
2, 14639
List the prime factors of 15286861.
227, 67343
What are the prime factors of 12366724?
2, 97, 31873
What are the prime factors of 4482910?
2, 5, 31, 14461
List the prime factors of 367324.
2, 131, 701
List the prime factors of 5992818.
2, 3, 13, 76831
What are the prime factors of 17617877?
29, 353, 1721
What are the prime factors of 1794107?
7, 256301
What are the prime factors of 287745?
3, 5, 19183
What are the prime factors of 3271308?
2, 3, 41, 61, 109
What are the prime factors of 2844775?
5, 19, 53, 113
What are the prime factors of 716753?
431, 1663
What are the prime factors of 3932872?
2, 83, 5923
List the prime factors of 24870529.
4423, 5623
List the prime factors of 496435.
5, 43, 2309
List the prime factors of 25843857.
3, 13, 19, 34877
What are the prime factors of 6385526?
2, 7, 456109
What are the prime factors of 89074?
2, 44537
List the prime factors of 731354.
2, 13, 23, 1223
List the prime factors of 4562266.
2, 107, 21319
List the prime factors of 227017.
7, 41, 113
List the prime factors of 752330.
2, 5, 23, 3271
List the prime factors of 8547626.
2, 43, 99391
List the prime factors of 19278747.
3, 2142083
List the prime factors of 16477267.
17, 79, 12269
What are the prime factors of 4633720?
2, 5, 7, 13, 19, 67
What are the prime factors of 3495728?
2, 43, 5081
List the prime factors of 1899501.
3, 23, 27529
List the prime factors of 331868.
2, 163, 509
What are the prime factors of 10766170?
2, 5, 1076617
What are the prime factors of 335629?
7, 47947
List the prime factors of 888081.
3, 296027
What are the prime factors of 38935888?
2, 2433493
List the prime factors of 3115990.
2, 5, 463, 673
List the prime factors of 127930.
2, 5, 11, 1163
What are the prime factors of 224223?
3, 31, 2411
List the prime factors of 5055963.
3, 11, 349, 439
List the prime factors of 15673114.
2, 59, 317, 419
List the prime factors of 30100748.
2, 167, 45061
What are the prime factors of 30090?
2, 3, 5, 17, 59
List the prime factors of 1033873.
23, 79, 569
List the prime factors of 29134491.
3, 23, 422239
List the prime factors of 384983.
367, 1049
List the prime factors of 183126.
2, 3, 23, 1327
What are the prime factors of 6256496?
2, 391031
List the prime factors of 632175.
3, 5, 8429
List the prime factors of 391946.
2, 195973
List the prime factors of 18597096.
2, 3, 7, 36899
What are the prime factors of 30392748?
2, 3, 844243
What are the prime factors of 88003?
88003
What are the prime factors of 4712893?
17, 19, 14591
List the prime factors of 8954086.
2, 4477043
What are the prime factors of 1147491?
3, 59, 2161
What are the prime factors of 24641577?
3, 304217
List the prime factors of 20357068.
2, 1609, 3163
What are the prime factors of 2972011?
7, 424573
What are the prime factors of 1258511?
1258511
List the prime factors of 54113.
53, 1021
What are the prime factors of 1155576?
2, 3, 89, 541
List the prime factors of 2941215.
3, 5, 196081
What are the prime factors of 242163?
3, 8969
List the prime factors of 186454.
2, 53, 1759
List the prime factors of 183368.
2, 22921
What are the prime factors of 5301816?
2, 3, 13, 16993
What are the prime factors of 93215?
5, 103, 181
What are the prime factors of 77439?
3, 83, 311
List the prime factors of 1320019.
1320019
What are the prime factors of 242885?
5, 31, 1567
List the prime factors of 369173.
7, 23, 2293
List the prime factors of 9221990.
2, 5, 17, 3191
What are the prime factors of 2381986?
2, 37, 32189
List the prime factors of 10.
2, 5
List the prime factors of 267262.
2, 133631
List the prime factors of 119834.
2, 11, 13, 419
What are the prime factors of 8604075?
3, 5, 89, 1289
What are the prim